{"id":73,"date":"2016-09-08T12:15:49","date_gmt":"2016-09-08T10:15:49","guid":{"rendered":"http:\/\/www.innowacje.psoni.org.pl\/?page_id=73"},"modified":"2016-09-12T12:11:21","modified_gmt":"2016-09-12T10:11:21","slug":"o-nas","status":"publish","type":"page","link":"http:\/\/www.innowacje.psoni.org.pl\/index.php\/o-nas\/","title":{"rendered":"O nas"},"content":{"rendered":"<p><!--more--><img decoding=\"async\" loading=\"lazy\" class=\"alignleft wp-image-86 size-full\" src=\"http:\/\/www.innowacje.psoni.org.pl\/wp-content\/uploads\/2016\/09\/NEWS.png\" alt=\"news\" width=\"148\" height=\"177\" \/><\/p>\n<p>Polskie Stowarzyszenie na rzecz Os\u00f3b z Niepe\u0142nosprawno\u015bci\u0105 Intelektualn\u0105 (PSONI) to najstarsza i najwi\u0119ksza organizacja pozarz\u0105dowa dzia\u0142aj\u0105ca na rzecz tej grupy os\u00f3b i ich otoczenia w Polsce.<\/p>\n<p>Pocz\u0105tek historii Stowarzyszenia si\u0119ga lat 60-tych ubieg\u0142ego wieku. PSONI jest prekursorem nowatorskich koncepcji w podej\u015bciu do niepe\u0142nosprawno\u015bci, kt\u00f3re mo\u017cna liczy\u0107 w tysi\u0105cach. Innowacyjno\u015b\u0107 dzia\u0142ania to marka PSONI. Spo\u0142eczne inicjatywy rozwijane i doskonalone przez lata zosta\u0142y na sta\u0142e w\u0142\u0105czone do polityki spo\u0142ecznej w Polsce.<\/p>\n<p>Przez ponad p\u00f3\u0142 wieku swojej dzia\u0142alno\u015bci Stowarzyszenie wywar\u0142o znacz\u0105cy wp\u0142yw na zmian\u0119 postaw spo\u0142ecznych wobec os\u00f3b z niepe\u0142nosprawno\u015bci\u0105 intelektualn\u0105 w naszym kraju.<\/p>\n<p>PSONI jest inkubatorem kapita\u0142u spo\u0142ecznego. Zrzesza tysi\u0105ce rodzic\u00f3w, profesjonalist\u00f3w oraz samych os\u00f3b z niepe\u0142nosprawno\u015bci\u0105 intelektualn\u0105, kt\u00f3rzy wsp\u00f3lnie dzia\u0142aj\u0105 na rzecz pe\u0142nego w\u0142\u0105czenia os\u00f3b do\u015bwiadczaj\u0105cych niepe\u0142nosprawno\u015bci intelektualnej w spo\u0142ecze\u0144stwo.<\/p>\n<p>Wiemy co zrobi\u0107, aby niemo\u017cliwe sta\u0142o si\u0119 mo\u017cliwe.<\/p>\n<p>Je\u015bli chcesz pozna\u0107 szczeg\u00f3\u0142y naszej dzia\u0142alno\u015bci zapraszamy na stron\u0119 <a href=\"http:\/\/www.psoni.org.pl\">www.psoni.org.pl<\/a><\/p>\n","protected":false},"excerpt":{"rendered":"","protected":false},"author":1,"featured_media":0,"parent":0,"menu_order":0,"comment_status":"closed","ping_status":"closed","template":"","meta":[],"_links":{"self":[{"href":"http:\/\/www.innowacje.psoni.org.pl\/index.php\/wp-json\/wp\/v2\/pages\/73"}],"collection":[{"href":"http:\/\/www.innowacje.psoni.org.pl\/index.php\/wp-json\/wp\/v2\/pages"}],"about":[{"href":"http:\/\/www.innowacje.psoni.org.pl\/index.php\/wp-json\/wp\/v2\/types\/page"}],"author":[{"embeddable":true,"href":"http:\/\/www.innowacje.psoni.org.pl\/index.php\/wp-json\/wp\/v2\/users\/1"}],"replies":[{"embeddable":true,"href":"http:\/\/www.innowacje.psoni.org.pl\/index.php\/wp-json\/wp\/v2\/comments?post=73"}],"version-history":[{"count":7,"href":"http:\/\/www.innowacje.psoni.org.pl\/index.php\/wp-json\/wp\/v2\/pages\/73\/revisions"}],"predecessor-version":[{"id":121,"href":"http:\/\/www.innowacje.psoni.org.pl\/index.php\/wp-json\/wp\/v2\/pages\/73\/revisions\/121"}],"wp:attachment":[{"href":"http:\/\/www.innowacje.psoni.org.pl\/index.php\/wp-json\/wp\/v2\/media?parent=73"}],"curies":[{"name":"wp","href":"https:\/\/api.w.org\/{rel}","templated":true}]}}