{"id":548,"date":"2018-04-17T21:49:07","date_gmt":"2018-04-17T19:49:07","guid":{"rendered":"http:\/\/www.innowacje.psoni.org.pl\/?page_id=548"},"modified":"2018-07-03T14:32:31","modified_gmt":"2018-07-03T12:32:31","slug":"aac-owy-asystent","status":"publish","type":"page","link":"http:\/\/www.innowacje.psoni.org.pl\/index.php\/innowacje-spoleczne\/narzedzia-pracy-dla-opiekunow\/aac-owy-asystent\/","title":{"rendered":"AAC-owy asystent"},"content":{"rendered":"<p><strong>Innowacja testowana pod nazw\u0105<\/strong><br \/>\nAAC-OWY ASYSTENT<\/p>\n<p><strong>Kategoria<\/strong><\/p>\n<p>Narz\u0119dzia pracy dla opiekun\u00f3w<\/p>\n<p><strong>Innowator<\/strong><\/p>\n<p>Barbara Bytnar i Witold Weso\u0142owski<\/p>\n<p><strong>Kr\u00f3tki opis innowacji<\/strong><\/p>\n<p>Innowacja spo\u0142eczna \u201eAAC-owy asystent\u201d ma na celu pokaza\u0107 i wyposa\u017cy\u0107 niem\u00f3wi\u0105ce osoby z niepe\u0142nosprawno\u015bci\u0105 intelektualn\u0105 w odpowiednie, indywidualnie dobrane do mo\u017cliwo\u015bci, narz\u0119dzia komunikacyjne u\u0142atwiaj\u0105ce i wspieraj\u0105ce proces porozumiewania si\u0119. Innowacja wp\u0142ywa na popraw\u0119 ich funkcjonowania w szerszym \u015brodowisku spo\u0142ecznym, daje mo\u017cliwo\u015b\u0107 wyra\u017cania swoich decyzji oraz poczucie wp\u0142ywu na podj\u0119te dzia\u0142ania. W konsekwencji wzrasta ich samoocena i wiara we w\u0142asne mo\u017cliwo\u015bci.<\/p>\n<p><strong>Potencjalni u\u017cytkownicy<\/strong><\/p>\n<p>U\u017cytkownikami innowacji mog\u0105 by\u0107 podmioty i organizacje, kt\u00f3re zajmuj\u0105 si\u0119 alternatywn\u0105 i wspomagaj\u0105c\u0105 komunikacj\u0105 (AAC) w r\u00f3\u017cnych cz\u0119\u015bciach kraju, wobec grup odbiorc\u00f3w z r\u00f3\u017cnymi niepe\u0142nosprawno\u015bciami.<\/p>\n<p><strong>Szczeg\u00f3\u0142owy opis innowacji<\/strong><\/p>\n<p>Innowacja spo\u0142eczna AAC-owy asystent zwi\u0105zana jest z tematem dotycz\u0105cym us\u0142ug asystenckich dla niem\u00f3wi\u0105cych os\u00f3b z niepe\u0142nosprawno\u015bci\u0105 intelektualn\u0105, w zakresie wybranych czynno\u015bci \u017cycia spo\u0142ecznego i obywatelskiego. Ma ona na celu pokaza\u0107 i wyposa\u017cy\u0107 osoby z niepe\u0142nosprawno\u015bci\u0105 intelektualn\u0105 w odpowiednie, indywidualnie dobrane do mo\u017cliwo\u015bci poznawczych, manualnych, ruchowych, narz\u0119dzia komunikacyjne u\u0142atwiaj\u0105ce i wspieraj\u0105ce proces porozumiewania si\u0119, a tym samym popraw\u0119 ich funkcjonowania w szerszym \u015brodowisku spo\u0142ecznym. Tak aby osoby z niepe\u0142nosprawno\u015bci\u0105 mia\u0142y mo\u017cliwo\u015b\u0107 wyra\u017cania swoich decyzji, czu\u0142y \u017ce maj\u0105 realny wp\u0142yw na podj\u0119te dzia\u0142ania, dokonuj\u0105 ich wyboru, maj\u0105 poczucie sprawstwa, a tym samym wzrasta ich samoocena i wiara we w\u0142asne mo\u017cliwo\u015bci. W tych czynno\u015bciach maj\u0105 ich wspiera\u0107 specjalnie przeszkoleni asystenci.<\/p>\n<p>Innowacja nastawiona jest na rozw\u00f3j umiej\u0119tno\u015bci porozumiewania si\u0119 os\u00f3b z niepe\u0142nosprawno\u015bci\u0105 intelektualn\u0105 w r\u00f3\u017cnych kr\u0119gach spo\u0142ecznych. Zosta\u0142y stworzone\u00a0 indywidualne, dostosowane narz\u0119dzia komunikacyjne np.<\/p>\n<ul>\n<li>tradycyjne papierowe ksi\u0105\u017cki do komunikacji,<\/li>\n<li>autorskie elektroniczne s\u0142owniki komunikacyjne,<\/li>\n<li>tablice uczestnictwa,<\/li>\n<li>plany zaj\u0119\u0107,<\/li>\n<li>etykietowanie symbolami pomieszcze\u0144, z kt\u00f3rych osoby niem\u00f3wi\u0105ce z niepe\u0142nosprawno\u015bci\u0105 intelektualn\u0105 b\u0119d\u0105 korzysta\u0107,<\/li>\n<li>tablice tematyczne.<\/li>\n<\/ul>\n<p>Obserwacje oraz opinie rodzic\u00f3w, terapeut\u00f3w, specjalist\u00f3w wskazuj\u0105 na to i\u017c proces zwi\u0105zany z nabywaniem kompetencji komunikacyjnych i j\u0119zykowych nie jest kontynuowany w kolejnych formach wsparcia takich jak: asystencja, treningi samodzielno\u015bci, aktywizacji zawodowej, Terapii Zaj\u0119ciowej (WTZ), \u015arodowiskowy Dom Samopomocy (\u015aDS), Zaklady Aktywno\u015bci Zawodowej (ZAZ). Zatrzymuje si\u0119 g\u0142\u00f3wnie na poziomie plac\u00f3wki edukacyjnej, co niekorzystnie wp\u0142ywa na ca\u0142o\u015bciowe funkcjonowanie osoby z trudno\u015bciami w porozumiewaniu si\u0119 na dalszych etapach jej rozwoju.<\/p>\n<p><strong>\u00a0<\/strong>W toku testowania innowacji opracowano piktogramy i inne materia\u0142y graficzne na potrzeby tablic informacyjnych oraz aplikacji na tablety.\u00a0 Przygotowano r\u00f3wnie\u017c aplikacj\u0119 na tablety. Dodatkowo wdro\u017cony zosta\u0142 system wsparcia asystenckiego dla os\u00f3b z niepe\u0142nosprawno\u015bciami, pozwalaj\u0105cy na wykorzystanie piktogam\u00f3w i aplikacji na tablety do zwi\u0119kszenia kompetencji komunikacyjnych os\u00f3b z niepe\u0142nosprawno\u015bciami.<\/p>\n<p><strong>Spos\u00f3b finansowania innowacji<\/strong><\/p>\n<p>Finansowanie innowacji jest mo\u017cliwe jako element projekt\u00f3w edukacyjnych oraz asystenckich dla os\u00f3b z niepe\u0142nosprawno\u015bciami. Finansowanie mo\u017ce zapewni\u0107 Jednostka Samorz\u0105du Terytorialnego (JST) w ramach zada\u0144 zleconych, PFIO lub te\u017c PFRON, fundusze wsp\u00f3lnotowe &#8211; np. RPO 2014-2020.<\/p>\n<p><a href=\"http:\/\/www.innowacje.psoni.org.pl\/wp-content\/uploads\/2018\/05\/Produkt-finalny-Bytnar-Wesolowski-1.pdf\" target=\"_blank\" rel=\"noopener\">Produkt finalny<\/a><br \/>\n<a href=\"http:\/\/www.innowacje.psoni.org.pl\/wp-content\/uploads\/2018\/05\/Instrukcja-wdrozeniowa-Bytnar-Wesolowski-2.pdf\" target=\"_blank\" rel=\"noopener\">Instrukcja wdro\u017ceniowa<\/a><\/p>\n<p>&nbsp;<\/p>\n","protected":false},"excerpt":{"rendered":"<p>Innowacja testowana pod nazw\u0105 AAC-OWY ASYSTENT Kategoria Narz\u0119dzia pracy dla opiekun\u00f3w Innowator Barbara Bytnar i Witold Weso\u0142owski Kr\u00f3tki opis innowacji Innowacja spo\u0142eczna \u201eAAC-owy asystent\u201d ma na celu pokaza\u0107 i wyposa\u017cy\u0107 niem\u00f3wi\u0105ce osoby z niepe\u0142nosprawno\u015bci\u0105 intelektualn\u0105 w odpowiednie, indywidualnie dobrane do<\/p>\n","protected":false},"author":1,"featured_media":0,"parent":542,"menu_order":0,"comment_status":"closed","ping_status":"closed","template":"","meta":[],"_links":{"self":[{"href":"http:\/\/www.innowacje.psoni.org.pl\/index.php\/wp-json\/wp\/v2\/pages\/548"}],"collection":[{"href":"http:\/\/www.innowacje.psoni.org.pl\/index.php\/wp-json\/wp\/v2\/pages"}],"about":[{"href":"http:\/\/www.innowacje.psoni.org.pl\/index.php\/wp-json\/wp\/v2\/types\/page"}],"author":[{"embeddable":true,"href":"http:\/\/www.innowacje.psoni.org.pl\/index.php\/wp-json\/wp\/v2\/users\/1"}],"replies":[{"embeddable":true,"href":"http:\/\/www.innowacje.psoni.org.pl\/index.php\/wp-json\/wp\/v2\/comments?post=548"}],"version-history":[{"count":8,"href":"http:\/\/www.innowacje.psoni.org.pl\/index.php\/wp-json\/wp\/v2\/pages\/548\/revisions"}],"predecessor-version":[{"id":724,"href":"http:\/\/www.innowacje.psoni.org.pl\/index.php\/wp-json\/wp\/v2\/pages\/548\/revisions\/724"}],"up":[{"embeddable":true,"href":"http:\/\/www.innowacje.psoni.org.pl\/index.php\/wp-json\/wp\/v2\/pages\/542"}],"wp:attachment":[{"href":"http:\/\/www.innowacje.psoni.org.pl\/index.php\/wp-json\/wp\/v2\/media?parent=548"}],"curies":[{"name":"wp","href":"https:\/\/api.w.org\/{rel}","templated":true}]}}