{"id":519,"date":"2018-04-17T21:00:36","date_gmt":"2018-04-17T19:00:36","guid":{"rendered":"http:\/\/www.innowacje.psoni.org.pl\/?page_id=519"},"modified":"2018-04-26T20:13:20","modified_gmt":"2018-04-26T18:13:20","slug":"innowacje-spoleczne","status":"publish","type":"page","link":"http:\/\/www.innowacje.psoni.org.pl\/index.php\/innowacje-spoleczne\/","title":{"rendered":"Innowacje spo\u0142eczne"},"content":{"rendered":"<div class=\"bt\">\n<h4>Rada Programowa projektu \u201eUs\u0142ugi opieku\u0144cze dla os\u00f3b niepe\u0142nosprawnych\u201d, w kt\u00f3rej sk\u0142ad weszli przedstawiciele \u015bwiata nauki, administracji rz\u0105dowej oraz praktycy dzia\u0142aj\u0105cy na rzecz \u015brodowiska os\u00f3b z niepe\u0142nosprawno\u015bciami, wybra\u0142a <b>9 zwyci\u0119skich innowacji spo\u0142ecznych<\/b>. Wyboru dokonano spo\u015br\u00f3d 41 testowanych innowacji, na podstawie wynik\u00f3w ewaluacji, kt\u00f3ra opiera\u0142a si\u0119 na 5 kryteriach: <b>skuteczno\u015bci, efektywno\u015bci, prawid\u0142owo\u015bci procesu testowania, trafno\u015bci i u\u017cyteczno\u015bci<\/b>. Serdecznie gratulujemy Zwyci\u0119zcom. Pozosta\u0142ym Innowatorom bardzo dzi\u0119kujemy za wsp\u00f3\u0142prac\u0119 i wysi\u0142ek w\u0142o\u017cony w testowanie swoich innowacyjnych pomys\u0142\u00f3w!<\/h4>\n<div class=\"bbox\">\n<img decoding=\"async\" src=\"http:\/\/www.innowacje.psoni.org.pl\/wp-content\/uploads\/2018\/04\/hands.png\" height=\"64\" \/><\/p>\n<h2>Us\u0142ugi opieku\u0144czo-asystenckie<\/h2>\n<p><a href=\"http:\/\/www.innowacje.psoni.org.pl\/index.php\/innowacje-spoleczne\/uslugi-opiekunczo-asystenckie\/\">WI\u0118CEJ<\/a>\n<\/div>\n<div class=\"bbox\">\n<img decoding=\"async\" src=\"http:\/\/www.innowacje.psoni.org.pl\/wp-content\/uploads\/2018\/04\/people.png\"  height=\"64\"\/><\/p>\n<h2>Narz\u0119dzia pracy<br \/>dla opiekun\u00f3w<\/h2>\n<p><a href=\"http:\/\/www.innowacje.psoni.org.pl\/index.php\/innowacje-spoleczne\/narzedzia-pracy-dla-opiekunow\/\">WI\u0118CEJ<\/a>\n<\/div>\n<div class=\"bbox\">\n<img decoding=\"async\" src=\"http:\/\/www.innowacje.psoni.org.pl\/wp-content\/uploads\/2018\/04\/communication.png\" height=\"64\"\/><\/p>\n<h2>Prawa konsumenckie<br \/>i Urz\u0119dy Pracy<\/h2>\n<p><a href=\"http:\/\/www.innowacje.psoni.org.pl\/index.php\/innowacje-spoleczne\/prawa-konsumenckie-i-urzedy-pracy\/\">WI\u0118CEJ<\/a>\n<\/div>\n<div style=\"clear:both;\">&nbsp;<\/div>\n<\/div>\n","protected":false},"excerpt":{"rendered":"<p>Rada Programowa projektu \u201eUs\u0142ugi opieku\u0144cze dla os\u00f3b niepe\u0142nosprawnych\u201d, w kt\u00f3rej sk\u0142ad weszli przedstawiciele \u015bwiata nauki, administracji rz\u0105dowej oraz praktycy dzia\u0142aj\u0105cy na rzecz \u015brodowiska os\u00f3b z niepe\u0142nosprawno\u015bciami, wybra\u0142a 9 zwyci\u0119skich innowacji spo\u0142ecznych. Wyboru dokonano spo\u015br\u00f3d 41 testowanych innowacji, na podstawie wynik\u00f3w<\/p>\n","protected":false},"author":1,"featured_media":0,"parent":0,"menu_order":0,"comment_status":"closed","ping_status":"closed","template":"","meta":[],"_links":{"self":[{"href":"http:\/\/www.innowacje.psoni.org.pl\/index.php\/wp-json\/wp\/v2\/pages\/519"}],"collection":[{"href":"http:\/\/www.innowacje.psoni.org.pl\/index.php\/wp-json\/wp\/v2\/pages"}],"about":[{"href":"http:\/\/www.innowacje.psoni.org.pl\/index.php\/wp-json\/wp\/v2\/types\/page"}],"author":[{"embeddable":true,"href":"http:\/\/www.innowacje.psoni.org.pl\/index.php\/wp-json\/wp\/v2\/users\/1"}],"replies":[{"embeddable":true,"href":"http:\/\/www.innowacje.psoni.org.pl\/index.php\/wp-json\/wp\/v2\/comments?post=519"}],"version-history":[{"count":13,"href":"http:\/\/www.innowacje.psoni.org.pl\/index.php\/wp-json\/wp\/v2\/pages\/519\/revisions"}],"predecessor-version":[{"id":624,"href":"http:\/\/www.innowacje.psoni.org.pl\/index.php\/wp-json\/wp\/v2\/pages\/519\/revisions\/624"}],"wp:attachment":[{"href":"http:\/\/www.innowacje.psoni.org.pl\/index.php\/wp-json\/wp\/v2\/media?parent=519"}],"curies":[{"name":"wp","href":"https:\/\/api.w.org\/{rel}","templated":true}]}}