{"id":27,"date":"2016-09-07T14:32:31","date_gmt":"2016-09-07T12:32:31","guid":{"rendered":"http:\/\/www.innowacje.psoni.org.pl\/?page_id=27"},"modified":"2023-04-04T13:52:47","modified_gmt":"2023-04-04T11:52:47","slug":"skontaktuj-sie-z-nami","status":"publish","type":"page","link":"http:\/\/www.innowacje.psoni.org.pl\/index.php\/skontaktuj-sie-z-nami\/","title":{"rendered":"Skontaktuj si\u0119 z nami"},"content":{"rendered":"<h2><!--more-->Zapraszamy do kontaktu<\/h2>\n<hr \/>\n<p>Polskie Stowarzyszenie na rzecz Os\u00f3b z Niepe\u0142nosprawno\u015bci\u0105 Intelektualn\u0105<\/p>\n<p>ul. G\u0142ogowa 2b<\/p>\n<p>02-639 Warszawa<\/p>\n<p>e-mail: <a href=\"mailto:kontakt@innowacje.psoni.org.pl\">kontakt@innowacje.psoni.org.pl<\/a><\/p>\n<p>Infolinia czynna w godzinach 8.00 &#8211; 16.00<\/p>\n<p>+48 22 848 03 44<\/p>\n<hr \/>\n<p>&nbsp;<\/p>\n","protected":false},"excerpt":{"rendered":"","protected":false},"author":1,"featured_media":0,"parent":0,"menu_order":0,"comment_status":"closed","ping_status":"closed","template":"page-templates\/template-contact.php","meta":[],"_links":{"self":[{"href":"http:\/\/www.innowacje.psoni.org.pl\/index.php\/wp-json\/wp\/v2\/pages\/27"}],"collection":[{"href":"http:\/\/www.innowacje.psoni.org.pl\/index.php\/wp-json\/wp\/v2\/pages"}],"about":[{"href":"http:\/\/www.innowacje.psoni.org.pl\/index.php\/wp-json\/wp\/v2\/types\/page"}],"author":[{"embeddable":true,"href":"http:\/\/www.innowacje.psoni.org.pl\/index.php\/wp-json\/wp\/v2\/users\/1"}],"replies":[{"embeddable":true,"href":"http:\/\/www.innowacje.psoni.org.pl\/index.php\/wp-json\/wp\/v2\/comments?post=27"}],"version-history":[{"count":11,"href":"http:\/\/www.innowacje.psoni.org.pl\/index.php\/wp-json\/wp\/v2\/pages\/27\/revisions"}],"predecessor-version":[{"id":746,"href":"http:\/\/www.innowacje.psoni.org.pl\/index.php\/wp-json\/wp\/v2\/pages\/27\/revisions\/746"}],"wp:attachment":[{"href":"http:\/\/www.innowacje.psoni.org.pl\/index.php\/wp-json\/wp\/v2\/media?parent=27"}],"curies":[{"name":"wp","href":"https:\/\/api.w.org\/{rel}","templated":true}]}}